{"id":321,"date":"2021-11-29T02:50:15","date_gmt":"2021-11-29T05:50:15","guid":{"rendered":"https:\/\/innovapreven.cl\/web\/producto\/gabinete-de-servidor-adicional\/"},"modified":"2021-11-29T03:09:45","modified_gmt":"2021-11-29T06:09:45","slug":"gabinete-de-servidor-adicional","status":"publish","type":"product","link":"https:\/\/innovapreven.cl\/web\/producto\/gabinete-de-servidor-adicional\/","title":{"rendered":"Gabinete de servidor adicional"},"content":{"rendered":"<p>Simule de forma segura un incendio en un armario de servidores para hacer ejercicios.<br \/>\nEste complemento para FireWare Vesta le permitir\u00e1 simular incendios en servidores y gabinetes de conexiones.<\/p>\n<p>Este armario para servidores tiene el tama\u00f1o de una persona y est\u00e1 equipado con 4 puertas: 2 en la parte delantera y 2 en la parte trasera. La gu\u00eda de llama incorporada permite elegir la direcci\u00f3n de la llama.<\/p>\n<p>El escenario muestra claramente que el fuego est\u00e1 \u201cen\u201d el gabinete. Colocar correctamente este complemento en la habitaci\u00f3n le permitir\u00e1 crear escenarios en los que el estudiante puede moverse m\u00e1s all\u00e1 del fuego o puede optar por mantenerse por delante. En resumen: \u00a1un escenario completamente apropiado a nuestro tiempo!<\/p>\n<p><strong>CARACTER\u00cdSTICAS T\u00c9CNICAS:<\/strong><\/p>\n","protected":false},"excerpt":{"rendered":"<p>Adecuado para crear escenarios m\u00e1s complejos<br \/>\nFunciona con el entrenador de extinci\u00f3n FireWare Vesta<br \/>\nFabricado en acero inoxidable de alta calidad.<br \/>\nAccesible tanto por delante como por detr\u00e1s<br \/>\nEquipado con una gu\u00eda de llama.<\/p>\n","protected":false},"featured_media":312,"template":"","meta":[],"product_brand":[],"product_cat":[24],"product_tag":[],"class_list":{"0":"post-321","1":"product","2":"type-product","3":"status-publish","4":"has-post-thumbnail","6":"product_cat-entrenamiento-fuego-gas","7":"pa_fabricante-fireware","8":"pa_sku-fireware-53","11":"instock","12":"sold-individually","13":"product-type-simple"},"_links":{"self":[{"href":"https:\/\/innovapreven.cl\/web\/wp-json\/wp\/v2\/product\/321","targetHints":{"allow":["GET"]}}],"collection":[{"href":"https:\/\/innovapreven.cl\/web\/wp-json\/wp\/v2\/product"}],"about":[{"href":"https:\/\/innovapreven.cl\/web\/wp-json\/wp\/v2\/types\/product"}],"version-history":[{"count":0,"href":"https:\/\/innovapreven.cl\/web\/wp-json\/wp\/v2\/product\/321\/revisions"}],"wp:featuredmedia":[{"embeddable":true,"href":"https:\/\/innovapreven.cl\/web\/wp-json\/wp\/v2\/media\/312"}],"wp:attachment":[{"href":"https:\/\/innovapreven.cl\/web\/wp-json\/wp\/v2\/media?parent=321"}],"wp:term":[{"taxonomy":"product_brand","embeddable":true,"href":"https:\/\/innovapreven.cl\/web\/wp-json\/wp\/v2\/product_brand?post=321"},{"taxonomy":"product_cat","embeddable":true,"href":"https:\/\/innovapreven.cl\/web\/wp-json\/wp\/v2\/product_cat?post=321"},{"taxonomy":"product_tag","embeddable":true,"href":"https:\/\/innovapreven.cl\/web\/wp-json\/wp\/v2\/product_tag?post=321"}],"curies":[{"name":"wp","href":"https:\/\/api.w.org\/{rel}","templated":true}]}}