{"id":650,"date":"2021-11-29T02:50:15","date_gmt":"2021-11-29T05:50:15","guid":{"rendered":"https:\/\/innovapreven.cl\/web\/producto\/juego-de-mangueras-de-gas-bf-2\/"},"modified":"2021-11-29T03:09:44","modified_gmt":"2021-11-29T06:09:44","slug":"juego-de-mangueras-de-gas-bf","status":"publish","type":"product","link":"https:\/\/innovapreven.cl\/web\/producto\/juego-de-mangueras-de-gas-bf\/","title":{"rendered":"Juego de mangueras de gas BF"},"content":{"rendered":"<p>Con la ayuda de un enlace, el juego de mangueras de gas BF se puede conectar f\u00e1cilmente a los entrenadores de extinci\u00f3n BF. Equipado con un regulador de presi\u00f3n que le permite regular y leer la presi\u00f3n del gas. El mango de presi\u00f3n permite que el gas fluya a trav\u00e9s de la manguera. Cuando se aplica m\u00e1s presi\u00f3n al mango, fluye m\u00e1s gas, lo que produce llamas m\u00e1s altas. Tan pronto como se suelta el mango, la llama se apaga.<\/p>\n<p>Si lo desea, se puede crear una llama piloto en el mango usando el tornillo de fijaci\u00f3n. De esta manera, una peque\u00f1a cantidad de gas contin\u00faa fluyendo hacia el entrenador de extinci\u00f3n, por lo que no es necesario volver a encenderlo cada vez que se suelta la manija. El regulador de presi\u00f3n tiene un extintor de llama. Si algo le sucediera inesperadamente a la presi\u00f3n del gas, el extintor de llama cerrar\u00e1 autom\u00e1ticamente el suministro de gas.<\/p>\n<p><strong>CARACTER\u00cdSTICAS T\u00c9CNICAS:<\/strong><\/p>\n","protected":false},"excerpt":{"rendered":"<p>Se adapta a los entrenadores de extinci\u00f3n de la serie BF.<br \/>\nEquipado con mango de presi\u00f3n, extintor de llama y regulador de presi\u00f3n.<\/p>\n","protected":false},"featured_media":314,"template":"","meta":[],"product_brand":[],"product_cat":[24],"product_tag":[],"class_list":{"0":"post-650","1":"product","2":"type-product","3":"status-publish","4":"has-post-thumbnail","6":"product_cat-entrenamiento-fuego-gas","7":"pa_fabricante-fireware","8":"pa_sku-fireware-049-092-011","11":"instock","12":"sold-individually","13":"product-type-simple"},"_links":{"self":[{"href":"https:\/\/innovapreven.cl\/web\/wp-json\/wp\/v2\/product\/650","targetHints":{"allow":["GET"]}}],"collection":[{"href":"https:\/\/innovapreven.cl\/web\/wp-json\/wp\/v2\/product"}],"about":[{"href":"https:\/\/innovapreven.cl\/web\/wp-json\/wp\/v2\/types\/product"}],"version-history":[{"count":0,"href":"https:\/\/innovapreven.cl\/web\/wp-json\/wp\/v2\/product\/650\/revisions"}],"wp:featuredmedia":[{"embeddable":true,"href":"https:\/\/innovapreven.cl\/web\/wp-json\/wp\/v2\/media\/314"}],"wp:attachment":[{"href":"https:\/\/innovapreven.cl\/web\/wp-json\/wp\/v2\/media?parent=650"}],"wp:term":[{"taxonomy":"product_brand","embeddable":true,"href":"https:\/\/innovapreven.cl\/web\/wp-json\/wp\/v2\/product_brand?post=650"},{"taxonomy":"product_cat","embeddable":true,"href":"https:\/\/innovapreven.cl\/web\/wp-json\/wp\/v2\/product_cat?post=650"},{"taxonomy":"product_tag","embeddable":true,"href":"https:\/\/innovapreven.cl\/web\/wp-json\/wp\/v2\/product_tag?post=650"}],"curies":[{"name":"wp","href":"https:\/\/api.w.org\/{rel}","templated":true}]}}