{"id":661,"date":"2021-11-29T02:50:20","date_gmt":"2021-11-29T05:50:20","guid":{"rendered":"https:\/\/innovapreven.cl\/web\/producto\/efectos-de-sonido-de-firesales-2\/"},"modified":"2021-11-29T03:09:46","modified_gmt":"2021-11-29T06:09:46","slug":"efectos-de-sonido-de-firesales","status":"publish","type":"product","link":"https:\/\/innovapreven.cl\/web\/producto\/efectos-de-sonido-de-firesales\/","title":{"rendered":"Efectos de sonido de FireSales"},"content":{"rendered":"<p>Los efectos de sonido de FireWare le permiten completar una puesta en escena realista.\u00a0Desde gritos de ayuda en 6 idiomas hasta el sonido del fuego, los gritos de un beb\u00e9 y el ladrido de un perro, \u00a1encontrar\u00e1s muchas variaciones en esta tarjeta USB!\u00a0Los archivos vienen en formato mp3 y la tarjeta tiene una conexi\u00f3n USB.\u00a0Esto le permite transferir f\u00e1cilmente los sonidos a su propio equipo de reproducci\u00f3n, ya sea un tel\u00e9fono m\u00f3vil o un sistema de sonido completo.<\/p>\n<p><strong>CARACTER\u00cdSTICAS T\u00c9CNICAS:<\/strong><\/p>\n","protected":false},"excerpt":{"rendered":"<p>Todos los efectos de sonido de FireWare en una tarjeta USB.<br \/>\n45 sonidos diferentes, incluidos gritos de auxilio y fuego.<\/p>\n","protected":false},"featured_media":781,"template":"","meta":[],"product_brand":[],"product_cat":[26],"product_tag":[],"class_list":{"0":"post-661","1":"product","2":"type-product","3":"status-publish","4":"has-post-thumbnail","6":"product_cat-simulacion-de-sonido-de-emergencias","7":"pa_fabricante-fireware","8":"pa_sku-fireware-014-015-022","11":"instock","12":"sold-individually","13":"product-type-simple"},"_links":{"self":[{"href":"https:\/\/innovapreven.cl\/web\/wp-json\/wp\/v2\/product\/661","targetHints":{"allow":["GET"]}}],"collection":[{"href":"https:\/\/innovapreven.cl\/web\/wp-json\/wp\/v2\/product"}],"about":[{"href":"https:\/\/innovapreven.cl\/web\/wp-json\/wp\/v2\/types\/product"}],"version-history":[{"count":0,"href":"https:\/\/innovapreven.cl\/web\/wp-json\/wp\/v2\/product\/661\/revisions"}],"wp:featuredmedia":[{"embeddable":true,"href":"https:\/\/innovapreven.cl\/web\/wp-json\/wp\/v2\/media\/781"}],"wp:attachment":[{"href":"https:\/\/innovapreven.cl\/web\/wp-json\/wp\/v2\/media?parent=661"}],"wp:term":[{"taxonomy":"product_brand","embeddable":true,"href":"https:\/\/innovapreven.cl\/web\/wp-json\/wp\/v2\/product_brand?post=661"},{"taxonomy":"product_cat","embeddable":true,"href":"https:\/\/innovapreven.cl\/web\/wp-json\/wp\/v2\/product_cat?post=661"},{"taxonomy":"product_tag","embeddable":true,"href":"https:\/\/innovapreven.cl\/web\/wp-json\/wp\/v2\/product_tag?post=661"}],"curies":[{"name":"wp","href":"https:\/\/api.w.org\/{rel}","templated":true}]}}